 - 2*s**2 - 7*s. Let r be 7 + -2 + 10/2. What is the units digit of l(r)?
6
Suppose -34*z - 2071 = -154527. What is the tens digit of z?
8
Let w(q) = 4*q + 5*q**2 - 4*q**2 + 0*q + 1. What is the tens digit of w(5)?
4
Suppose -17*h = -23036 - 8142. What is the tens digit of h?
3
Let p be ((-12)/21)/(8/(-28)). Suppose -3*a = -4*b - 56, p*b + 39 = 2*a - b. Suppose t - 31 = -a. What is the tens digit of t?
1
Suppose 5*w + 109 - 1159 = 0. What is the units digit of w?
0
Let w(y) = -7*y**2 + 3. Let b be w(-3). Let t be (-48)/b*5/2. Suppose -36 = -i - t*v, -3*i + i + 74 = 3*v. What is the tens digit of i?
4
Let f = -72 - -122. Let m = f - 0. What is the units digit of m?
0
Let s(k) = -3*k**3 + 87*k**2 + 24*k - 18. What is the hundreds digit of s(28)?
0
Suppose 0 = 3*w + 5*z + 11, -2*z + 28 = 4*w - 6*z. Let f be ((-4)/(-10))/((-6)/(-75)). Suppose 4*j + j = -w*g + 163, -f*j = -25. What is the tens digit of g?
4
Suppose -4*g - 5*i + 44 = 0, 0 = 3*g + 2*i - i - 22. Suppose g - 4 = x. Suppose d + 2 = 0, 5*p + x*d - 265 + 99 = 0. What is the units digit of p?
4
Suppose -3*i - 2494 = -6949. What is the units digit of i?
5
Suppose 10*r - 11*r + 167 = 0. Suppose 3*d - 277 = -5*l, -3*l + 2*d = 4*d - r. What is the units digit of l?
3
Suppose -1708 = -3*j - j. Suppose 4*u - 85 - j = 0. What is the units digit of u?
8
Suppose -6*u - u = -602. Let x = u + 224. What is the tens digit of x?
1
Let y(c) = c**3 + 2*c**2 - 2*c + 4. Let q be y(-4). What is the tens digit of (-1478)/(-10) + 0 + (-4)/q?
4
Suppose -4*u + 44 = -0*u. Let h be (-24)/u - (-12)/66. What is the units digit of (3 + -4)/(h/94)?
7
Let g = 33 + -51. Let l be (-2)/(-7) - 34*(-25)/(-35). Let y = g - l. What is the units digit of y?
6
Let f(l) = 2*l - 6. Let m be f(4). Suppose -3*k = m*k - 620. What is the units digit of k?
4
Suppose 3*j + w + 935 = -2*j, 3*w + 387 = -2*j. Let n = 433 + j. What is the units digit of n?
7
Suppose -2*d + 494 = -0*o - 5*o, -o - 494 = -2*d. Suppose -2*h + 629 = d. What is the tens digit of h?
9
Suppose -5*o + 198 = -5*u + 13, -193 = -5*o + 3*u. Let g = o + 30. What is the units digit of g?
1
Suppose -22 = -2*w - 26. Let p = w - -14. What is the tens digit of p?
1
Let x = -21 + 14. Let z(g) be the second derivative of g**5/10 + 5*g**4/4 + g**3/6 - 5*g**2 - 23*g. What is the units digit of z(x)?
2
Let n = 1424 + -844. What is the units digit of n?
0
Let n(d) = d**3 + d**2 - d - 1. Let j be n(2). Suppose 4*l + 5*g = 27, -4*g + 3 = -j. Suppose 4*a - l = 53. What is the tens digit of a?
1
Let z be ((-4)/1)/(14/(-56)). Let n = -9 + z. What is the units digit of n?
7
Suppose -19*d + 20*d + 5*b = 494, 2*b = -4*d + 1994. What is the hundreds digit of d?
4
Suppose -3*b = -2*b + 38. Let a = b - -22. Let u = -11 - a. What is the units digit of u?
5
Let d(q) = -q**3 - 5*q**2 - 4*q + 10. Let y(m) = -m**3 - 14*m**2 + m + 9. Let f be y(-14). What is the units digit of d(f)?
0
Let p(q) = q**2 - 3*q + 5. Let u be p(2). Let m(s) = -2 + 3 + u*s - 5*s. What is the units digit of m(-7)?
5
Suppose 46*x = 43*x + 1083. What is the units digit of x?
1
Let k(i) = 27*i + 35. Suppose -4*s = 5*s - 54. What is the units digit of k(s)?
7
Suppose j = -3*x + 4*j + 2997, -3*x = -j - 3007. What is the hundreds digit of x?
0
Suppose 0 = -5*h + 2 - 7. Let y(g) be the third derivative of -g**4 - 2*g**2. What is the units digit of y(h)?
4
Suppose 5*w + 4*l = -73, -7*w + l = -3*w + 50. Let v(z) = -z**3 - 12*z**2 + 10*z - 2. What is the units digit of v(w)?
7
Suppose -f - 2*l = -3721, -3*f + 5*l = 1592 - 12777. What is the thousands digit of f?
3
Let c(s) = s**2 - 8*s - 1. Let g(h) = 2*h**2 - 15*h - 1. Let y(z) = -5*c(z) + 3*g(z). Let v be y(3). What is the units digit of (-2)/3*60/v?
0
Let d be -3 - (4 - (96 - 2)). Suppose 2*p - 6 = 0, -2*f + d = 4*p - 41. Suppose 0 = 2*k + 2*a - 36 - 24, -2*k = a - f. What is the tens digit of k?
2
Suppose y = 6*y - 4*b + 12, 0 = -4*y - 4*b + 12. Suppose y*v = -2*k + 2*v + 90, k + v = 51. What is the units digit of k?
8
Let r(l) = -l**3 - 8*l**2 - 13*l - 9. Let m = -4 - 3. What is the units digit of r(m)?
3
Let w(r) = -36*r**3 - 3*r**2 - 6*r - 3. Let v(z) = -z**3 - z**2 + 11*z + 1. Let t be v(3). What is the units digit of w(t)?
5
Suppose 5*s + 814 = 4*j + 10*s, 2*s = j - 210. What is the units digit of j?
6
What is the units digit of 54/(-15)*3320/(-12)?
6
Suppose -3*u - 392 = u. Let c = u + 154. Let t = -28 + c. What is the units digit of t?
8
Suppose -3*a - 3*u + 8 = 2*a, 3*u = a + 2. Suppose -5*x = -3*t - 3, -x - 7 = 3*t - 4. What is the units digit of 22 - (t/a - -4)?
9
Suppose 2*k = 10*k - 176. Let g = k + -22. What is the units digit of (9 - 5)*(g + 10)?
0
Suppose 23*b + 8736 = 29*b. What is the units digit of b?
6
Let b(a) = -a**3 + 1079*a**2 + 5 + 5*a - 1087*a**2 + 4*a. What is the hundreds digit of b(-10)?
1
Let w(x) = -3*x**2 - 15*x + 1. Let g be w(-6). Let f = g + 54. What is the units digit of f?
7
Let l be (-24)/(-8) + 1*18. Suppose 2*m - l = -m. Suppose -78 = -m*b + b. What is the tens digit of b?
1
Suppose -t + 3 = -2. Let k(r) = -2*r**3 - r + 1. Let x be k(1). What is the units digit of (-6)/t*15/x?
9
Let s = -3 - -8. Suppose j - 16 = -5*k, -4 = 3*k + s. What is the tens digit of j?
3
Suppose 13*l - 11393 = -3983. What is the hundreds digit of l?
5
Let z(u) = -6*u**3 - u**2 - u. Let y(m) = -m + 1. Let r be y(3). Let s be ((-3)/6)/((-1)/r). What is the units digit of z(s)?
6
Suppose 64*g - 25496 = 130536. What is the units digit of g?
8
Let w be 0*((-4)/28)/((-2)/7). Suppose w*t - 396 = -3*m - 3*t, 2 = -t. What is the tens digit of m?
3
Let q(d) = d**3 + 6*d**2 - 8*d - 6. Let x be q(5). Suppose x = n - 5*s, 62 + 378 = 2*n - 4*s. What is the hundreds digit of n?
2
Let d = 45 - -3844. What is the tens digit of d?
8
Let q = 160 + 972. What is the thousands digit of q?
1
Let o(z) = z**3 - 9*z**2 - z + 14. Let r be o(9). Suppose 7*t = r*c + 2*t - 790, 0 = 3*c - 4*t - 479. What is the units digit of c?
3
Suppose 3*u = 5*x + u - 16, -5*u = -10. Suppose 4*a + j + 1 = 5, -x = -j. Suppose -5*z - 5*d + 140 = 0, -3 = -a*d + 3*d. What is the units digit of z?
9
Let c = 13455 - 9581. What is the thousands digit of c?
3
Let h(c) = 2*c**2 - 32*c + 32. Let y(t) = -t**2 + 11*t - 11. Let u(j) = -5*h(j) - 14*y(j). What is the units digit of u(6)?
4
Let y(r) = -r**3 - 12*r**2 + 13*r + 3. Let s be y(-13). Suppose 55 - 7 = s*g. What is the tens digit of g?
1
Let n be 5 + 1 - 12/12. Suppose 4*l + 2*m = 694, -n*m + 14 = -11. What is the units digit of l?
1
Suppose 0*o + 8 = -2*o. Let v = 7 + o. Suppose v*c - 60 = c. What is the units digit of c?
0
Let w(a) = -a - 4. Let f be w(-12). Let k(i) = -37 + 32 - 9*i**2 - 2*i**3 + 3*i**3 + 11*i. What is the tens digit of k(f)?
1
Let g(k) = k**3 + 16*k**2 + 11*k - 30. What is the tens digit of g(-13)?
3
Let a(k) = 0*k**2 - 8*k + 5*k**2 - k**2 - 6 + 6*k + k**3. What is the units digit of a(-4)?
2
Suppose 6*l - 4*l - n = 580, l = -4*n + 299. What is the hundreds digit of l?
2
Suppose -7*k = -21*k + 1078. What is the units digit of k?
7
Suppose 13*v - 5*v = 576. Suppose 12*n = 15*n - v. What is the units digit of n?
4
Let g be 5/(-2)*24/(-5). Let c = g - 9. Suppose c*o = 4*t - o - 8, 0 = -4*t + o + 17. What is the units digit of t?
5
Let k = 2519 + -820. What is the units digit of k?
9
Suppose 0 = 5*t - 2*g + 3*g - 498, 2*t - 194 = -3*g. Let q = t - 69. What is the units digit of q?
1
Let a(o) = 190*o - 268. What is the thousands digit of a(12)?
2
What is the tens digit of 1 - (-3108)/(7 - 3)?
7
Let l(p) = 12 + p**2 + 9*p + 2*p + 0*p**2. Let c be l(-9). What is the tens digit of ((-12)/(-8))/(c/(-128))?
3
Let d = -31 - -3. Let o = d + 102. What is the units digit of o?
4
Let u(p) be the second derivative of 7*p**4/3 + 11*p. What is the units digit of u(-1)?
8
What is the tens digit of 4293 + 102/(-6) + -10 + 2?
6
Let s be (-32)/(-4)*1 - 0. Suppose -2*n + s + 8 = 0. Suppose n = 5*j - 257. What is the tens digit of j?
5
Let v be (12/9)/(6/(-27)). What is the units digit of 1 + 4/v + 263/3?
8
Suppose -2 = -5*s + 23. Suppose -3*q = 2*q - s. What is the tens digit of ((-6)/12)/(q/(-36))?
1
Let h = 7864 + -2899. What is the thousands digit of h?
4
Suppose 1 = -s, -4*a + 4*s = -9*a - 39. Let n(c) = -c**2 - 12*c + 20. What is the units digit of n(a)?
5
